{"id":135,"date":"2018-01-22T09:22:49","date_gmt":"2018-01-22T08:22:49","guid":{"rendered":"http:\/\/www.ime.gpeajh.org\/?page_id=135"},"modified":"2025-02-10T15:44:10","modified_gmt":"2025-02-10T14:44:10","slug":"fonctionnement","status":"publish","type":"page","link":"https:\/\/www.ime.gpeajh.org\/index.php\/fonctionnement\/","title":{"rendered":"Fonctionnement"},"content":{"rendered":"<p style=\"text-align: justify;\">L&rsquo;\u00e9tablissement fonctionne 205 jours par an.<\/p>\n<ul style=\"text-align: justify;\">\n<li>En internat de semaine pour 14 internes de Reims et du secteur rural\u00a0environnant.<\/li>\n<li>En semi-internat pour 70 demi internes de 9h \u00e0 16h30 du lundi au vendredi.<\/li>\n<\/ul>\n<p style=\"text-align: justify;\">L\u2019\u00e9tablissement est ouvert du mois de septembre au mois de juillet. Le mois d\u2019ao\u00fbt correspond \u00e0 la p\u00e9riode de fermeture de l\u2019\u00e9tablissement. Les autres jours de fermeture sont r\u00e9partis pendant les vacances scolaires de No\u00ebl, d\u2019hiver et de printemps.<\/p>\n<h4 style=\"text-align: justify;\"><strong>Date des p\u00e9riodes de fermeture pour l&rsquo;ann\u00e9e 2024\/2025 :<\/strong><\/h4>\n<p style=\"text-align: justify;\"><strong>Toussaint<\/strong> : du vendredi 25 octobre 2024 au soir au lundi 04 novembre 2024 au matin.<\/p>\n<p style=\"text-align: justify;\"><strong>No\u00ebl<\/strong> : du vendredi 20 d\u00e9cembre 2024 au soir \u00a0au lundi 06 janvier 2025 au matin.<\/p>\n<p><strong>Hiver<\/strong> : du vendredi 14 f\u00e9vrier 2025 au soir \u00a0au lundi 24 f\u00e9vrier 2025 au matin.<\/p>\n<p style=\"text-align: justify;\"><strong>Printemps<\/strong> : du vendredi 11 avril 2025 au soir \u00a0au mardi 22 avril 2025 au matin.<\/p>\n<p><strong>\u00c9t\u00e9<\/strong> : \u00e0 partir du vendredi 25 juillet 2025 au soir.<\/p>\n","protected":false},"excerpt":{"rendered":"<p>L&rsquo;\u00e9tablissement fonctionne 205 jours par an. En internat de semaine pour 14 internes de Reims et du secteur rural\u00a0environnant. En semi-internat pour 70 demi internes de 9h \u00e0 16h30 du lundi au vendredi. L\u2019\u00e9tablissement est ouvert du mois de septembre au mois de juillet. Le mois d\u2019ao\u00fbt correspond \u00e0 la p\u00e9riode de fermeture de l\u2019\u00e9tablissement. [&hellip;]<\/p>\n","protected":false},"author":1,"featured_media":0,"parent":0,"menu_order":0,"comment_status":"closed","ping_status":"closed","template":"","meta":{"footnotes":""},"class_list":["post-135","page","type-page","status-publish","hentry"],"_links":{"self":[{"href":"https:\/\/www.ime.gpeajh.org\/index.php\/wp-json\/wp\/v2\/pages\/135","targetHints":{"allow":["GET"]}}],"collection":[{"href":"https:\/\/www.ime.gpeajh.org\/index.php\/wp-json\/wp\/v2\/pages"}],"about":[{"href":"https:\/\/www.ime.gpeajh.org\/index.php\/wp-json\/wp\/v2\/types\/page"}],"author":[{"embeddable":true,"href":"https:\/\/www.ime.gpeajh.org\/index.php\/wp-json\/wp\/v2\/users\/1"}],"replies":[{"embeddable":true,"href":"https:\/\/www.ime.gpeajh.org\/index.php\/wp-json\/wp\/v2\/comments?post=135"}],"version-history":[{"count":20,"href":"https:\/\/www.ime.gpeajh.org\/index.php\/wp-json\/wp\/v2\/pages\/135\/revisions"}],"predecessor-version":[{"id":4303,"href":"https:\/\/www.ime.gpeajh.org\/index.php\/wp-json\/wp\/v2\/pages\/135\/revisions\/4303"}],"wp:attachment":[{"href":"https:\/\/www.ime.gpeajh.org\/index.php\/wp-json\/wp\/v2\/media?parent=135"}],"curies":[{"name":"wp","href":"https:\/\/api.w.org\/{rel}","templated":true}]}}

<p style="text-align: justify;">L&rsquo;établissement fonctionne 205 jours par an.</p>
<ul style="text-align: justify;">
<li>En internat de semaine pour 14 internes de Reims et du secteur rural environnant.</li>
<li>En semi-internat pour 70 demi internes de 9h à 16h30 du lundi au vendredi.</li>
</ul>
<p style="text-align: justify;">L’établissement est ouvert du mois de septembre au mois de juillet. Le mois d’août correspond à la période de fermeture de l’établissement. Les autres jours de fermeture sont répartis pendant les vacances scolaires de Noël, d’hiver et de printemps.</p>
<h4 style="text-align: justify;"><strong>Date des périodes de fermeture pour l&rsquo;année 2024/2025 :</strong></h4>
<p style="text-align: justify;"><strong>Toussaint</strong> : du vendredi 25 octobre 2024 au soir au lundi 04 novembre 2024 au matin.</p>
<p style="text-align: justify;"><strong>Noël</strong> : du vendredi 20 décembre 2024 au soir  au lundi 06 janvier 2025 au matin.</p>
<p><strong>Hiver</strong> : du vendredi 14 février 2025 au soir  au lundi 24 février 2025 au matin.</p>
<p style="text-align: justify;"><strong>Printemps</strong> : du vendredi 11 avril 2025 au soir  au mardi 22 avril 2025 au matin.</p>
<p><strong>Été</strong> : à partir du vendredi 25 juillet 2025 au soir.</p>

<p>L&rsquo;établissement fonctionne 205 jours par an. En internat de semaine pour 14 internes de Reims et du secteur rural environnant. En semi-internat pour 70 demi internes de 9h à 16h30 du lundi au vendredi. L’établissement est ouvert du mois de septembre au mois de juillet. Le mois d’août correspond à la période de fermeture de l’établissement. [&hellip;]</p>
